greatest common factor of 374 and 187?
187
Calculate the highest common factor of 1859 and 1.
1
Calculate the greatest common factor of 168 and 21.
21
What is the greatest common factor of 192 and 912?
48
Calculate the highest common divisor of 15609 and 387.
129
Calculate the greatest common divisor of 30 and 27315.
15
What is the greatest common divisor of 64 and 1?
1
Calculate the greatest common divisor of 1350 and 378.
54
Calculate the highest common divisor of 127 and 33147.
127
What is the highest common divisor of 60 and 48?
12
What is the highest common divisor of 3 and 12450?
3
What is the highest common factor of 40 and 392?
8
Calculate the greatest common divisor of 12 and 93.
3
What is the highest common factor of 8130 and 210?
30
What is the greatest common divisor of 82964 and 28?
28
Calculate the highest common factor of 44 and 462.
22
Calculate the highest common divisor of 1030 and 10.
10
Calculate the highest common factor of 85 and 1195.
5
What is the greatest common divisor of 120 and 45?
15
What is the highest common divisor of 29 and 1537?
29
Calculate the highest common divisor of 850 and 102.
34
What is the highest common divisor of 3 and 1?
1
What is the highest common factor of 6291 and 27?
27
Calculate the greatest common divisor of 500 and 3375.
125
What is the greatest common divisor of 68 and 306?
34
Calculate the highest common factor of 172 and 430.
86
What is the greatest common divisor of 24 and 4056?
24
What is the greatest common divisor of 13 and 4?
1
What is the highest common divisor of 351 and 13?
13
What is the greatest common divisor of 2277 and 1863?
207
Calculate the greatest common factor of 21 and 12.
3
What is the greatest common factor of 24969 and 406?
203
Calculate the greatest common factor of 3107 and 13.
13
Calculate the highest common divisor of 880 and 2960.
80
What is the highest common divisor of 430 and 1118?
86
What is the greatest common factor of 19 and 95?
19
Calculate the highest common factor of 5094 and 18.
18
Calculate the greatest common factor of 855 and 360.
45
Calculate the highest common factor of 250 and 725.
25
Calculate the highest common divisor of 1016 and 16.
8
What is the greatest common divisor of 335 and 65?
5
What is the greatest common factor of 481 and 37?
37
What is the greatest common divisor of 8 and 196?
4
What is the highest common divisor of 50 and 1600?
50
Calculate the greatest common factor of 52 and 4056.
52
What is the highest common divisor of 156 and 9?
3
Calculate the highest common divisor of 58242 and 102.
102
Calculate the greatest common divisor of 1 and 31.
1
Calculate the highest common factor of 63 and 42.
21
Calculate the greatest common divisor of 1910 and 17954.
382
Calculate the greatest common factor of 875 and 2345.
35
What is the highest common factor of 1333 and 31?
31
What is the greatest common factor of 301 and 215?
43
Calculate the greatest common divisor of 210 and 168.
42
What is the highest common factor of 345 and 15?
15
Calculate the highest common factor of 60 and 440.
20
Calculate the highest common factor of 9 and 3303.
9
What is the greatest common factor of 689 and 477?
53
Calculate the greatest common factor of 1083 and 114.
57
Calculate the highest common factor of 1628 and 792.
44
What is the greatest common divisor of 272 and 17?
17
Calculate the greatest common factor of 3116 and 19.
19
Calculate the greatest common divisor of 108 and 81.
27
What is the greatest common factor of 3212 and 198?
22
Calculate the greatest common factor of 620 and 30.
10
Calculate the greatest common factor of 270 and 40.
10
Calculate the highest common divisor of 4 and 1468.
4
Calculate the highest common factor of 2366 and 14.
14
What is the highest common divisor of 823 and 2?
1
What is the greatest common factor of 6806 and 166?
166
What is the highest common factor of 65 and 40?
5
Calculate the greatest common factor of 561 and 5151.
51
Calculate the highest common divisor of 330 and 2706.
66
What is the greatest common factor of 5528 and 8?
8
What is the highest common factor of 248 and 8?
8
What is the highest common divisor of 35 and 280?
35
What is the highest common divisor of 942 and 6?
6
Calculate the highest common factor of 1524 and 156.
12
Calculate the highest common factor of 2848 and 224.
32
Calculate the greatest common factor of 546 and 702.
78
What is the greatest common divisor of 520 and 38?
2
Calculate the highest common factor of 1288 and 460.
92
What is the highest common factor of 368 and 144?
16
What is the greatest common factor of 22638 and 294?
294
What is the highest common divisor of 152 and 16?
8
Calculate the highest common divisor of 21 and 1204.
7
What is the greatest common factor of 84 and 2121?
21
Calculate the greatest common factor of 1 and 9679.
1
What is the highest common factor of 377 and 65?
13
What is the highest common factor of 77 and 21?
7
Calculate the greatest common factor of 153 and 45.
9
Calculate the greatest common factor of 6583 and 58.
29
What is the highest common factor of 93 and 155?
31
Calculate the highest common factor of 931 and 98.
49
What is the greatest common factor of 104 and 65?
13
What is the highest common factor of 381 and 2159?
127
Calculate the greatest common divisor of 32 and 1312.
32
Calculate the greatest common divisor of 14 and 623.
7
What is the greatest common divisor of 6765 and 465?
15
Calculate the highest common divisor of 2246 and 2.
2
Calculate the highest common divisor of 34 and 748.
34
What is the greatest common divisor of 3565 and 460?
115
Calculate the highest common factor of 791 and 113.
113
What is the highest common divisor of 225 and 2400?
75
Calculate the greatest common factor of 646 and 133.
19
What is the greatest common factor of 9 and 2610?
9
What is the highest common divisor of 7 and 875?
7
What is the greatest common divisor of 182 and 35?
7
Calculate the greatest common divisor of 985 and 115.
5
Calculate the greatest common factor of 2264 and 8.
8
What is the greatest common factor of 3132 and 580?
116
Calculate the highest common factor of 324 and 36.
36
What is the highest common divisor of 56 and 224?
56
Calculate the greatest common divisor of 20 and 36.
4
Calculate the highest common factor of 24 and 10408.
8
What is the greatest common factor of 384 and 18?
6
What is the highest common factor of 3925 and 75?
25
What is the highest common factor of 6690 and 60?
30
Calculate the highest common factor of 282 and 6439.
47
Calculate the greatest common factor of 4 and 126.
2
Calculate the highest common divisor of 154 and 217.
7
What is the highest common factor of 253 and 23?
23
Calculate the greatest common factor of 123 and 82.
41
Calculate the highest common factor of 319 and 11.
11
What is the greatest common factor of 36 and 549?
9
Calculate the greatest common divisor of 22 and 44.
22
Calculate the greatest common divisor of 340 and 102.
34
Calculate the greatest common factor of 238 and 34.
34
Calculate the greatest common factor of 100 and 75.
25
Calculate the greatest common factor of 441 and 171.
9
Calculate the greatest common divisor of 151 and 7399.
151
What is the highest common divisor of 48551 and 47?
47
Calculate the greatest common factor of 32 and 144.
16
Calculate the greatest common factor of 115 and 655.
5
What is the highest common factor of 190 and 20?
10
What is the greatest common factor of 684 and 27?
9
Calculate the highest common divisor of 272 and 16.
16
What is the highest common factor of 513 and 1863?
27
What is the greatest common divisor of 52 and 32?
4
What is the greatest common divisor of 735 and 105?
105
Calculate the greatest common divisor of 765 and 45.
45
Calculate the greatest common divisor of 946 and 86.
86
Calculate the highest common factor of 5 and 2065.
5
What is the highest common factor of 1491 and 21?
21
What is the greatest common factor of 48 and 496?
16
Calculate the highest common divisor of 207 and 18.
9
Calculate the greatest common divisor of 2584 and 152.
152
What is the greatest common divisor of 1575 and 35?
35
What is the greatest common divisor of 44 and 2068?
44
Calculate the highest common divisor of 76 and 1748.
76
What is the highest common divisor 